What is the thousands digit of 15466945?
6
What is the thousands digit of 6147825445?
5
What is the tens digit of 1360107706?
0
What is the ten millions digit of 258401538?
5
What is the hundred thousands digit of 1058181966?
1
What is the hundred thousands digit of 14125051?
1
What is the hundreds digit of 15160962?
9
What is the thousands digit of 623890525?
0
What is the units digit of 933025866?
6
What is the tens digit of 36071969?
6
What is the thousands digit of 33424725?
4
What is the ten thousands digit of 539239897?
3
What is the ten thousands digit of 331709732?
0
What is the hundreds digit of 196720811?
8
What is the hundred millions digit of 401861985?
4
What is the tens digit of 2047564807?
0
What is the units digit of 4450676684?
4
What is the hundred thousands digit of 36289828?
2
What is the hundred millions digit of 663555299?
6
What is the tens digit of 1369750400?
0
What is the hundreds digit of 2071491934?
9
What is the hundred thousands digit of 11129443?
1
What is the thousands digit of 160882447?
2
What is the hundred millions digit of 510461543?
5
What is the hundred thousands digit of 50217841?
2
What is the thousands digit of 22357855?
7
What is the hundreds digit of 21579454?
4
What is the tens digit of 26483512?
1
What is the ten thousands digit of 59810269?
1
What is the ten millions digit of 62057008?
6
What is the ten thousands digit of 1070797499?
9
What is the units digit of 2177383683?
3
What is the thousands digit of 193406275?
6
What is the billions digit of 3782003594?
3
What is the hundred thousands digit of 92139856?
1
What is the hundred thousands digit of 128563043?
5
What is the millions digit of 1413408618?
3
What is the tens digit of 1962166163?
6
What is the ten thousands digit of 123986717?
8
What is the hundreds digit of 9309333?
3
What is the units digit of 1876946176?
6
What is the thousands digit of 717317383?
7
What is the units digit of 161798641?
1
What is the hundred thousands digit of 25522373?
5
What is the ten thousands digit of 2159921415?
2
What is the hundreds digit of 1217848274?
2
What is the units digit of 45238711?
1
What is the hundreds digit of 112054629?
6
What is the hundred millions digit of 875661806?
8
What is the ten thousands digit of 1117854?
1
What is the hundred thousands digit of 51302792?
3
What is the units digit of 2307423130?
0
What is the hundred millions digit of 257874585?
2
What is the tens digit of 602531694?
9
What is the thousands digit of 96258882?
8
What is the ten thousands digit of 1365005480?
0
What is the millions digit of 1160403922?
0
What is the hundred thousands digit of 2987323765?
3
What is the hundreds digit of 761777851?
8
What is the tens digit of 319288252?
5
What is the thousands digit of 68367091?
7
What is the units digit of 192179173?
3
What is the ten millions digit of 116954933?
1
What is the millions digit of 48575225?
8
What is the hundreds digit of 2037210976?
9
What is the hundreds digit of 2162352622?
6
What is the ten millions digit of 259698942?
5
What is the hundreds digit of 4576355826?
8
What is the tens digit of 971556335?
3
What is the hundreds digit of 2407644102?
1
What is the billions digit of 2228513650?
2
What is the thousands digit of 232206622?
6
What is the millions digit of 10266747?
0
What is the thousands digit of 917882022?
2
What is the thousands digit of 6029211480?
1
What is the hundred millions digit of 297975286?
2
What is the tens digit of 182278679?
7
What is the tens digit of 92019583?
8
What is the millions digit of 64440417?
4
What is the thousands digit of 644586584?
6
What is the hundred millions digit of 295506689?
2
What is the hundreds digit of 45181440?
4
What is the hundred thousands digit of 1584774777?
7
What is the hundred millions digit of 590223184?
5
What is the hundred millions digit of 458955235?
4
What is the ten millions digit of 1571337091?
7
What is the millions digit of 1685053649?
5
What is the hundred thousands digit of 404507366?
5
What is the ten thousands digit of 60377860?
7
What is the millions digit of 15393282?
5
What is the tens digit of 62997844?
4
What is the hundred thousands digit of 2199391618?
3
What is the hundred thousands digit of 4378039?
3
What is the thousands digit of 727378847?
8
What is the ten thousands digit of 8096280?
9
What is the tens digit of 15753913?
1
What is the tens digit of 3743209?
0
What is the hundred millions digit of 162925499?
1
What is the millions digit of 125153673?
5
What is the thousands digit of 9253260?
3
What is the millions digit of 5376126312?
6
What is the tens digit of 3412116439?
3
What is the hundred thousands digit of 27698523?
6
What is the tens digit of 251512256?
5
What is the units digit of 2548684655?
5
What is the tens digit of 203505608?
0
What is the tens digit of 297188476?
7
What is the hundred millions digit of 220308987?
2
What is the billions digit of 6267496969?
6
What is the hundreds digit of 48983628?
6
What is the ten millions digit of 40027372?
4
What is the hundred thousands digit of 25235116?
2
What is the hundreds digit of 180589275?
2
What is the units digit of 40826225?
5
What is the ten millions digit of 23080263?
2
What is the tens digit of 1554076797?
9
What is the thousands digit of 325726642?
6
What is the tens digit of 3884275158?
5
What is the tens digit of 2554471460?
6
What is the ten thousands digit of 54490887?
9
What is the ten thousands digit of 5958368?
5
What is the ten millions digit of 113622733?
1
What is the hundred millions digit of 1740794291?
7
What is the hundred millions digit of 2260507380?
2
What is the units digit of 44057082?
2
What is the hundreds digit of 43418455?
4
What is the hundred millions digit of 686327556?
6
What is the billions digit of 2397707742?
2
What is the billions digit of 1153617340?
1
What is the thousands digit of 414387639?
7
What is the tens digit of 124637440?
4
What is the millions digit of 3743521095?
3
What is the ten millions digit of 137587725?
3
What is the hundred thousands digit of 89798799?
7
What is the thousands digit of 134640988?
0
What is the thousands digit of 913047008?
7
What is the units digit of 184764754?
4
What is the hundreds digit of 363100?
1
What is the thousands digit of 1345733144?
3
What is the tens digit of 165816413?
1
What is the billions digit of 1855126614?
1
What is the units digit of 2171737281?
1
What is the ten millions digit of 114665289?
1
What is the hundred thousands digit of 3222258819?
2
What is the millions digit of 55608182?
5
What is the ten thousands digit of 705918075?
1
What is the tens digit of 7294230166?
6
What is the hundred millions digit of 186795860?
1
What is the ten millions digit of 10972365?
1
What is the ten millions digit of 153964685?
5
What is the thousands digit of 12772263?
2
What is the thousands digit of 224273324?
3
What is the millions digit of 1156524248?
6
What is the ten thousands digit of 540189981?
8
What is the hundred thousands digit of 740811554?
8
What is the ten millions digit of 36462061?
3
What is the ten thousands digit of 6315731166?
3
What is the thousands digit of 324151446?
1
What is the tens digit of 230402118?
1
What is the ten thousands digit of 249653118?
5
What is the hundred thousands digit of 892637889?
6
What is the units digit of 5949325?
5
What is the hundred millions digit of 1478497215?
4
What is the thousands digit of 301128965?
8
What is the tens digit of 81593060?
6
What is the millions digit of 29294585?
9
What is the ten millions digit of 177772393?
7
What is the millions digit of 1474926329?
4
What is the millions digit of 5915397528?
5
What is the hundred millions digit of 1126962917?
1
What is the hundreds digit of 54494010?
0
What is the ten millions digit of 3610384388?
1
What is the tens digit of 31346405?
0
What is the hundred thousands digit of 3384817412?
8
What is the ten millions digit of 558139161?
5
What is the millions digit of 1956491916?
6
What is the millions digit of 105439981?
5
What is the ten millions digit of 4510247955?
1
What is the hundred millions digit of 3582494496?
5
What is the millions digit of 466335568?
6
What is the tens digit of 1480201135?
3
What is the hundreds digit of 5964680?
6
What is the ten millions 